{"id":329,"date":"2012-03-14T18:39:49","date_gmt":"2012-03-14T22:39:49","guid":{"rendered":"http:\/\/www.une-sen.org\/press\/wp-content\/uploads\/2012\/03\/severance_f.png"},"modified":"2012-03-14T18:39:49","modified_gmt":"2012-03-14T22:39:49","slug":"severance_f","status":"inherit","type":"attachment","link":"https:\/\/www.unesen.ca\/press\/?attachment_id=329","title":{"rendered":"Mise \u00e0 jour sur le paiement de l&#039;indemnit\u00e9 de d\u00e9part"},"author":3,"comment_status":"open","ping_status":"open","template":"","meta":{"_links_to":"","_links_to_target":""},"description":{"rendered":"<p class=\"attachment\"><a href='https:\/\/www.unesen.ca\/press\/wp-content\/uploads\/2012\/03\/severance_f.png'><img width=\"300\" height=\"199\" src=\"https:\/\/www.unesen.ca\/press\/wp-content\/uploads\/2012\/03\/severance_f-300x199.png\" class=\"attachment-medium size-medium\" alt=\"Mise \u00e0 jour sur le paiement de l&#039;indemnit\u00e9 de d\u00e9part\" loading=\"lazy\" srcset=\"https:\/\/www.unesen.ca\/press\/wp-content\/uploads\/2012\/03\/severance_f-300x199.png 300w, https:\/\/www.unesen.ca\/press\/wp-content\/uploads\/2012\/03\/severance_f.png 541w\" sizes=\"100vw\" \/><\/a><\/p>\n"},"caption":{"rendered":""},"alt_text":"Mise \u00e0 jour sur le paiement de l'indemnit\u00e9 de d\u00e9part","media_type":"image","mime_type":"image\/png","media_details":{"width":541,"height":360,"file":"2012\/03\/severance_f.png","sizes":{"thumbnail":{"file":"severance_f-150x150.png","width":150,"height":150,"mime_type":"image\/png","source_url":"https:\/\/www.unesen.ca\/press\/wp-content\/uploads\/2012\/03\/severance_f-150x150.png"},"medium":{"file":"severance_f-300x199.png","width":300,"height":199,"mime_type":"image\/png","source_url":"https:\/\/www.unesen.ca\/press\/wp-content\/uploads\/2012\/03\/severance_f-300x199.png"},"full":{"file":"severance_f.png","width":541,"height":360,"mime_type":"image\/png","source_url":"https:\/\/www.unesen.ca\/press\/wp-content\/uploads\/2012\/03\/severance_f.png"}},"image_meta":{"aperture":0,"credit":"","camera":"","caption":"","created_timestamp":0,"copyright":"","focal_length":0,"iso":0,"shutter_speed":0,"title":""}},"post":327,"source_url":"https:\/\/www.unesen.ca\/press\/wp-content\/uploads\/2012\/03\/severance_f.png","_links":{"self":[{"href":"https:\/\/www.unesen.ca\/press\/index.php?rest_route=\/wp\/v2\/media\/329"}],"collection":[{"href":"https:\/\/www.unesen.ca\/press\/index.php?rest_route=\/wp\/v2\/media"}],"about":[{"href":"https:\/\/www.unesen.ca\/press\/index.php?rest_route=\/wp\/v2\/types\/attachment"}],"author":[{"embeddable":true,"href":"https:\/\/www.unesen.ca\/press\/index.php?rest_route=\/wp\/v2\/users\/3"}],"replies":[{"embeddable":true,"href":"https:\/\/www.unesen.ca\/press\/index.php?rest_route=%2Fwp%2Fv2%2Fcomments&post=329"}]}}

Mise à jour sur le paiement de l&#039;indemnité de départ

<p class="attachment"><a href='https://www.unesen.ca/press/wp-content/uploads/2012/03/severance_f.png'><img width="300" height="199" src="https://www.unesen.ca/press/wp-content/uploads/2012/03/severance_f-300x199.png" class="attachment-medium size-medium" alt="Mise à jour sur le paiement de l&#039;indemnité de départ" loading="lazy" srcset="https://www.unesen.ca/press/wp-content/uploads/2012/03/severance_f-300x199.png 300w, https://www.unesen.ca/press/wp-content/uploads/2012/03/severance_f.png 541w" sizes="100vw" /></a></p>

Mise à jour sur le paiement de l'indemnité de départ
