{"id":320,"date":"2012-03-14T18:34:43","date_gmt":"2012-03-14T22:34:43","guid":{"rendered":"http:\/\/www.une-sen.org\/press\/wp-content\/uploads\/2012\/03\/diversity_day_f.png"},"modified":"2012-03-14T18:34:43","modified_gmt":"2012-03-14T22:34:43","slug":"diversity_day_f","status":"inherit","type":"attachment","link":"https:\/\/www.unesen.ca\/press\/?attachment_id=320","title":{"rendered":"Journ\u00e9e mondiale de la diversit\u00e9culturelle pour le dialogue et le d\u00e9veloppement &#8211; 21 mai"},"author":3,"comment_status":"open","ping_status":"open","template":"","meta":{"_links_to":"","_links_to_target":""},"description":{"rendered":"<p class=\"attachment\"><a href='https:\/\/www.unesen.ca\/press\/wp-content\/uploads\/2012\/03\/diversity_day_f.png'><img width=\"300\" height=\"199\" src=\"https:\/\/www.unesen.ca\/press\/wp-content\/uploads\/2012\/03\/diversity_day_f-300x199.png\" class=\"attachment-medium size-medium\" alt=\"Journ\u00e9e mondiale de la diversit\u00e9culturelle pour le dialogue et le d\u00e9veloppement - 21 mai\" loading=\"lazy\" srcset=\"https:\/\/www.unesen.ca\/press\/wp-content\/uploads\/2012\/03\/diversity_day_f-300x199.png 300w, https:\/\/www.unesen.ca\/press\/wp-content\/uploads\/2012\/03\/diversity_day_f.png 541w\" sizes=\"100vw\" \/><\/a><\/p>\n"},"caption":{"rendered":""},"alt_text":"Journ\u00e9e mondiale de la diversit\u00e9culturelle pour le dialogue et le d\u00e9veloppement - 21 mai","media_type":"image","mime_type":"image\/png","media_details":{"width":541,"height":360,"file":"2012\/03\/diversity_day_f.png","sizes":{"thumbnail":{"file":"diversity_day_f-150x150.png","width":150,"height":150,"mime_type":"image\/png","source_url":"https:\/\/www.unesen.ca\/press\/wp-content\/uploads\/2012\/03\/diversity_day_f-150x150.png"},"medium":{"file":"diversity_day_f-300x199.png","width":300,"height":199,"mime_type":"image\/png","source_url":"https:\/\/www.unesen.ca\/press\/wp-content\/uploads\/2012\/03\/diversity_day_f-300x199.png"},"full":{"file":"diversity_day_f.png","width":541,"height":360,"mime_type":"image\/png","source_url":"https:\/\/www.unesen.ca\/press\/wp-content\/uploads\/2012\/03\/diversity_day_f.png"}},"image_meta":{"aperture":0,"credit":"","camera":"","caption":"","created_timestamp":0,"copyright":"","focal_length":0,"iso":0,"shutter_speed":0,"title":""}},"post":319,"source_url":"https:\/\/www.unesen.ca\/press\/wp-content\/uploads\/2012\/03\/diversity_day_f.png","_links":{"self":[{"href":"https:\/\/www.unesen.ca\/press\/index.php?rest_route=\/wp\/v2\/media\/320"}],"collection":[{"href":"https:\/\/www.unesen.ca\/press\/index.php?rest_route=\/wp\/v2\/media"}],"about":[{"href":"https:\/\/www.unesen.ca\/press\/index.php?rest_route=\/wp\/v2\/types\/attachment"}],"author":[{"embeddable":true,"href":"https:\/\/www.unesen.ca\/press\/index.php?rest_route=\/wp\/v2\/users\/3"}],"replies":[{"embeddable":true,"href":"https:\/\/www.unesen.ca\/press\/index.php?rest_route=%2Fwp%2Fv2%2Fcomments&post=320"}]}}

Journée mondiale de la diversitéculturelle pour le dialogue et le développement &#8211; 21 mai

<p class="attachment"><a href='https://www.unesen.ca/press/wp-content/uploads/2012/03/diversity_day_f.png'><img width="300" height="199" src="https://www.unesen.ca/press/wp-content/uploads/2012/03/diversity_day_f-300x199.png" class="attachment-medium size-medium" alt="Journée mondiale de la diversitéculturelle pour le dialogue et le développement - 21 mai" loading="lazy" srcset="https://www.unesen.ca/press/wp-content/uploads/2012/03/diversity_day_f-300x199.png 300w, https://www.unesen.ca/press/wp-content/uploads/2012/03/diversity_day_f.png 541w" sizes="100vw" /></a></p>

Journée mondiale de la diversitéculturelle pour le dialogue et le développement - 21 mai
