{"id":209,"date":"2012-03-14T16:32:09","date_gmt":"2012-03-14T20:32:09","guid":{"rendered":"http:\/\/www.une-sen.org\/press\/wp-content\/uploads\/2012\/03\/MMFRimouski.jpg"},"modified":"2012-03-14T16:32:09","modified_gmt":"2012-03-14T20:32:09","slug":"mmfrimouski","status":"inherit","type":"attachment","link":"https:\/\/www.unesen.ca\/press\/?attachment_id=209","title":{"rendered":"Marche mondiale des femmes"},"author":3,"comment_status":"open","ping_status":"open","template":"","meta":{"_links_to":"","_links_to_target":""},"description":{"rendered":"<p class=\"attachment\"><a href='https:\/\/www.unesen.ca\/press\/wp-content\/uploads\/2012\/03\/MMFRimouski.jpg'><img width=\"300\" height=\"225\" src=\"https:\/\/www.unesen.ca\/press\/wp-content\/uploads\/2012\/03\/MMFRimouski-300x225.jpg\" class=\"attachment-medium size-medium\" alt=\"Marche mondiale des femmes\" loading=\"lazy\" srcset=\"https:\/\/www.unesen.ca\/press\/wp-content\/uploads\/2012\/03\/MMFRimouski-300x225.jpg 300w, https:\/\/www.unesen.ca\/press\/wp-content\/uploads\/2012\/03\/MMFRimouski.jpg 500w\" sizes=\"100vw\" \/><\/a><\/p>\n"},"caption":{"rendered":"<p>Sur la photo : Consoeur Louise Patrice, VPR de la r\u00e9gion Hors Canada, entour\u00e9e des consoeurs du Comit\u00e9 r\u00e9gional des femmes francophones de la R\u00e9gion de la capitale nationale : Claudine Lance, Johanne Gosselin, Marie-Fran\u00e7oise Bertrand et Lisa Rossignol.<\/p>\n"},"alt_text":"Marche mondiale des femmes","media_type":"image","mime_type":"image\/jpeg","media_details":{"width":500,"height":375,"file":"2012\/03\/MMFRimouski.jpg","sizes":{"thumbnail":{"file":"MMFRimouski-150x150.jpg","width":150,"height":150,"mime_type":"image\/jpeg","source_url":"https:\/\/www.unesen.ca\/press\/wp-content\/uploads\/2012\/03\/MMFRimouski-150x150.jpg"},"medium":{"file":"MMFRimouski-300x225.jpg","width":300,"height":225,"mime_type":"image\/jpeg","source_url":"https:\/\/www.unesen.ca\/press\/wp-content\/uploads\/2012\/03\/MMFRimouski-300x225.jpg"},"post-thumbnail":{"file":"MMFRimouski-500x372.jpg","width":500,"height":372,"mime_type":"image\/jpeg","source_url":"https:\/\/www.unesen.ca\/press\/wp-content\/uploads\/2012\/03\/MMFRimouski-500x372.jpg"},"full":{"file":"MMFRimouski.jpg","width":500,"height":375,"mime_type":"image\/jpeg","source_url":"https:\/\/www.unesen.ca\/press\/wp-content\/uploads\/2012\/03\/MMFRimouski.jpg"}},"image_meta":{"aperture":0,"credit":"","camera":"","caption":"","created_timestamp":0,"copyright":"","focal_length":0,"iso":0,"shutter_speed":0,"title":""}},"post":207,"source_url":"https:\/\/www.unesen.ca\/press\/wp-content\/uploads\/2012\/03\/MMFRimouski.jpg","_links":{"self":[{"href":"https:\/\/www.unesen.ca\/press\/index.php?rest_route=\/wp\/v2\/media\/209"}],"collection":[{"href":"https:\/\/www.unesen.ca\/press\/index.php?rest_route=\/wp\/v2\/media"}],"about":[{"href":"https:\/\/www.unesen.ca\/press\/index.php?rest_route=\/wp\/v2\/types\/attachment"}],"author":[{"embeddable":true,"href":"https:\/\/www.unesen.ca\/press\/index.php?rest_route=\/wp\/v2\/users\/3"}],"replies":[{"embeddable":true,"href":"https:\/\/www.unesen.ca\/press\/index.php?rest_route=%2Fwp%2Fv2%2Fcomments&post=209"}]}}

<p>Sur la photo : Consoeur Louise Patrice, VPR de la région Hors Canada, entourée des consoeurs du Comité régional des femmes francophones de la Région de la capitale nationale : Claudine Lance, Johanne Gosselin, Marie-Françoise Bertrand et Lisa Rossignol.</p>
